ert -5201 (base 15) to base 8.
-41656
What is 2a034 (base 16) in base 15?
35ec4
-6357000 (base 9) to base 11
-1a15284
Convert -4082402 (base 11) to base 16.
-6df678
Convert 11010111010101010 (base 2) to base 7.
636300
What is -57c7 (base 16) in base 4?
-11133013
Convert -637140 (base 10) to base 8.
-2334324
What is -982909 (base 14) in base 16?
-4ea8bd
What is a347bc (base 13) in base 4?
32201313203
-5533030 (base 7) to base 16
-a6255
What is 1120020102020 (base 3) in base 2?
11001010111110000011
Convert -1202517 (base 11) to base 16.
-1fff34
What is 200033220 (base 5) in base 3?
1110210211202
What is 2038697 (base 10) in base 3?
10211120120022
2151221 (base 8) to base 16
8d291
What is 220012121020010 (base 3) in base 13?
2885832
-574502 (base 9) to base 16
-541af
What is -235463644 (base 7) in base 10?
-14671465
101311200 (base 4) to base 11
4a985
-222210422 (base 5) to base 2
-11101110001101111001
What is 2990 (base 10) in base 2?
101110101110
-2dc9e (base 16) to base 4
-231302132
Convert -100101111111011000 (base 2) to base 3.
-21220110021
What is 202111233 (base 4) in base 10?
140655
-2135265 (base 9) to base 6
-40315052
Convert 165559 (base 12) to base 11.
241569
-254010424 (base 6) to base 14
-92aba8
What is d9b98 (base 14) in base 3?
222202002002
-343242020 (base 5) to base 8
-5700244
Convert 20101323 (base 4) to base 7.
200610
What is 280468 (base 10) in base 13?
9a876
-2322234 (base 5) to base 3
-2010212202
What is 1210002021 (base 3) in base 15?
a5bd
21cdc2 (base 16) to base 3
11011112220110
Convert 2703265 (base 9) to base 3.
2210010022012
Convert 10331241430 (base 5) to base 15.
eb272a
What is 723750 (base 8) in base 4?
322133220
31030210212 (base 4) to base 13
941781
Convert -553144 (base 6) to base 16.
-b3f8
What is -200430012 (base 5) in base 11?
-4a3852
Convert 1b131 (base 16) to base 12.
54215
What is -b5da15 (base 16) in base 5?
-11022332340
-12001212102111 (base 3) to base 6
-133424021
What is b636 (base 12) in base 7?
112026
What is -11104233 (base 5) in base 15?
-1dd13
Convert 1243300343 (base 5) to base 12.
1057a1b
Convert 2591a86 (base 11) to base 13.
c0c544
Convert 10141321 (base 5) to base 9.
137150
-44c72c (base 13) to base 6
-54512225
35326 (base 13) to base 9
157307
What is -11110300340 (base 5) in base 10?
-12196970
What is -5105028 (base 10) in base 7?
-61251315
What is -8845a (base 14) in base 15?
-67c49
-561625 (base 7) to base 15
-1e567
Convert -403421 (base 12) to base 15.
-14b95d
What is -263710 (base 10) in base 2?
-1000000011000011110
Convert -1200155 (base 10) to base 4.
-10211000123
-c8684b (base 15) to base 5
-4420231441
What is 1b7761 (base 13) in base 8?
2533231
What is 102111012111201 (base 3) in base 12?
2065501
What is 17cd1e (base 16) in base 5?
344403323
Convert -116c1e8 (base 15) to base 11.
-70644a2
Convert -16145 (base 15) to base 13.
-26513
What is -30330302313 (base 4) in base 12?
-1178673
What is -8866998 (base 10) in base 7?
-135240210
What is 2044d (base 16) in base 10?
132173
-d19c33 (base 14) to base 5
-3301312341
Convert 2010014 (base 6) to base 2.
10111000110011010
What is -4551145 (base 6) in base 8?
-705511
What is -27951 (base 15) in base 4?
-133000000
What is 1d076 (base 14) in base 13?
27a01
What is 10855367 (base 10) in base 15?
e46612
What is 3421674 (base 8) in base 15?
13486c
20814 (base 10) to base 15
6279
Convert -2d0d0 (base 14) to base 8.
-334056
Convert 1113240332 (base 5) to base 12.
9b5960
Convert -415610 (base 8) to base 11.
-94854
Convert -12204545 (base 7) to base 15.
-1692a5
What is 9033827 (base 10) in base 4?
202131201203
-48b11 (base 12) to base 2
-11000000000111101
Convert -4203220400 (base 5) to base 13.
-1a3a4c1
Convert -10234444 (base 6) to base 2.
-1001001010101111100
Convert -63e (base 16) to base 14.
-822
Convert -332000103 (base 4) to base 5.
-31111341
-3c37 (base 14) to base 7
-43000
1726ba6 (base 12) to base 3
22222220210100
What is -61c0e3 (base 15) in base 3?
-22202010021220
Convert 11001222022010 (base 3) to base 16.
21078c
-13167 (base 15) to base 8
-167220
Convert -462361 (base 7) to base 14.
-220d8
Convert a6320 (base 11) to base 15.
30cdb
11001000100001110010 (base 2) to base 12
3373aa
What is 80186 (base 15) in base 9?
677030
334610 (base 13) to base 7
13164611
Convert -3768260 (base 11) to base 12.
-2235262
Convert -43a66 (base 15) to base 7.
-1553511
Convert -101111010100101111 (base 2) to base 7.
-1435062
What is 1141100 (base 6) in base 5?
3403433
What is -2012444 (base 7) in base 16?
-3a415
36736 (base 15) to base 11
1095a6
Convert -1101102101210 (base 3) to base 10.
-736581
-10bc52 (base 15) to base 12
-326665
Convert 2e2467 (base 15) to base 2.
1000100001101101101111
-12543502 (base 6) to base 14
-ac554
-2516313 (base 7) to base 8
-1170555
Convert -841db (base 15) to base 7.
-3363242
Convert -25a7106 (base 13) to base 10.
-11811247
Convert -2325555 (base 7) to base 2.
-1000111011010101001
102110121 (base 4) to base 7
431520
3e91 (base 15) to base 4
3101203
Convert 103021031 (base 4) to base 8.
231115
Convert 1884758 (base 11) to base 4.
30021023203
What is 6508d (base 15) in base 12?
13575a
What is -47356 (base 10) in base 2?
-1011100011111100
What is 70a0d (base 14) in base 11?
17557a
Convert -222112122 (base 3) to base 14.
-70a1
Convert -2737651 (base 8) to base 11.
-486535
Convert -100010212210021 (base 3) to base 7.
-56206141
Convert -45b9c7 (base 13) to base 11.
-a2a600
-2234377 (base 11) to base 6
-215524342
What is -d27dcc (base 14) in base 11?
-4003201
729c65 (base 13) to base 10
2678057
Convert 806678 (base 12) to base 5.
1003030410
-211232021 (base 4) to base 2
-100101101110001001
46341114 (base 8) to base 7
151436163
Convert 15577 (base 12) to base 16.
75eb
-135542112 (base 6) to base 9
-5233078
What is -1001001111111100101110 (base 2) in base 16?
-24ff2e
What is -12471135 (base 9) in base 7?
-103044161
What is -8320c (base 15) in base 9?
-703063
Convert 455220 (base 6) to base 12.
1a510
What is 12021000122000 (base 3) in base 8?
12523665
-2110122020 (base 3) to base 16
-bdc3
Convert 1053022 (base 6) to base 7.
312563
4250625 (base 7) to base 5
113012103
Convert 213224403 (base 5) to base 9.
1643227
-105214141 (base 7) to base 12
-2182267
1011001110100100111111 (base 2) to base 16
2ce93f
-7e9362 (base 16) to base 11
-47563a1
-2e042 (base 16) to base 4
-232001002
Convert 4003223 (base 7) to base 15.
94b95
Convert 1244090 (base 11) to base 5.
1023021100
2512ba (base 13) to base 14
191903
Convert 1310400 (base 12) to base 3.
21001201020100
49bb58 (base 12) to base 7
13136105
-20131322 (base 4) to base 16
-877a
Convert -22103120 (base 4) to base 6.
-523212
What is 16059 (base 12) in base 16?
79c5
What is -3c4582 (base 13) in base 4?
-11211333232
Convert -202c0 (base 14) to base 11.
-53167
-1221101330 (base 4) to base 16
-6947c
Convert -102322020332 (base 4) to base 15.
-67d9de
What is 776605 (base 8) in base 10?
261509
Convert 2106140 (base 8) to base 16.
88c60
Convert 2342401 (base 5) to base 12.
211b0
335bb (base 12) to base 9
113558
What is 318568 (base 9) in base 7?
1420646
Convert 511b3 (base 15) to base 2.
111110101101111101
What is -1121321012 (base 4) in base 14?
-9827c
Convert 25487 (base 12) to base 7.
301036
d0639 (base 16) to base 15
11cd91
Convert 220020021212 (base 3) to base 10.
476978
Convert 11001011001001001010100 (base 2) to base 12.
2290244
Convert -9304 (base 15) to base 13.
-1119a
What is 241223 (base 6) in base 13?
9765
Convert 1110010100010101101 (base 2) to base 14.
c2d9b
50b00 (base 16) to base 12
13b314
Convert -2100101211022 (base 3) to base 7.
-13415153
1011011101111100011000 (base 2) to base 8
13357430
-1110100011100010100011 (base 2) to base 16
-3a38a3
Convert 791ba (base 13) to base 12.
a73b2
1234310 (base 7) to base 11
aa228
214650 (base 9) to base 2
11111010001101010
21421110 (base 5) to base 4
231112310
89672 (base 10) to base 8
257110
Convert -323422121 (base 5) to base 15.
-1c6876
Convert -1023211421 (base 5) to base 6.
-114211321
-17544620 (base 8) to base 3
-21202001111012
Convert -8be1c (base 16) to base 2.
-10001011111000011100
21100202021021 (base 3) to base 12
1387a8a
-2110222221 (base 3) to base 13
-19300
-1a2bcf (base 16) to base 5
-414341101
102201210 (base 3) to base 9
12653
Conve